{"id":169,"date":"2013-03-22T13:51:27","date_gmt":"2013-03-22T13:51:27","guid":{"rendered":"http:\/\/test.farnostgelnica.sk\/?page_id=169"},"modified":"2013-06-27T18:34:48","modified_gmt":"2013-06-27T18:34:48","slug":"preco-verime","status":"publish","type":"page","link":"https:\/\/farnostgelnica.sk\/?page_id=169","title":{"rendered":"Pre\u010do veri\u0165?"},"content":{"rendered":"<p>Ka\u017ed\u00fd \u010dlovek v da\u010do alebo v niekoho ver\u00ed. Alebo nie\u010domu. Niekto ver\u00ed v pr\u00edrodu, jej lie\u010div\u00fa a upokojuj\u00facu moc (raz som videl v\u00a0parku v Betliari \u010dloveka, ako obj\u00edma star\u00fd strom. Op\u00fdtal som sa ho, \u010di chce zmera\u0165 jeho hr\u00fabku. \u201eNie\u201c odpovedal, \u201e\u010derp\u00e1m z\u00a0neho energiu\u201c.) No milovn\u00edk pr\u00edrody sa \u010dasto st\u00e1va nepriate\u013eom t\u00fdch, ktor\u00ed ju nejako ohrozuj\u00fa. In\u00fd ver\u00ed v kult\u00faru a umenie, no \u010dasto zist\u00ed, \u017ee je len m\u00e1lo \u013eud\u00ed ako on a tak sa uzavrie do malej skupinky intelektu\u00e1lov. S\u00fa aj \u013eudia &#8211; a je ich dos\u0165 &#8211; ktor\u00ed veria v Boha. Maj\u00fa svoje z\u00e1zemie, zadn\u00e9 dvierka pre ne\u00faspech alebo starobu \u010di osamelos\u0165. No a naj\u010dastej\u0161ie s\u00fa tak\u00ed, ktor\u00ed to maj\u00fa nejako skombinovan\u00e9. Ke\u010f \u017eivot pon\u00faka vy\u017eitie \u010di \u00faspech, vedia ho naplno vychutna\u0165, vedia si n\u00e1js\u0165 \u010das aj na pr\u00edrodu. A v\u0161etko si poistia vierou v Boha &#8211; ak by to naozaj bola pravda, \u017ee existuje, tak je lep\u0161ie sa nejako poisti\u0165&#8230;.<\/p>\n<p>Mal som (ja, autor \u010dl\u00e1nku) ako die\u0165a nejak\u00fd letm\u00fd kontakt s vierou v Boha. Bol hlbok\u00fd socializmus. Vedel som, \u017ee existuje kostol. Chodieval som s\u00a0otcom do kostola v nede\u013eu asi do m\u00f4jho prv\u00e9ho sv\u00e4t\u00e9ho prij\u00edmania. Potom sme prestali. Najviac si spom\u00ednam na kostoln\u00edka. Bol malej postavy. Na konci om\u0161e st\u00e1l \u00a0so zvon\u010dekom vo dver\u00e1ch kostola a ke\u010f som okolo neho prech\u00e1dzal, usmial sa a pohladkal ma po hlave. Robil to v\u017edy. P\u00e1na far\u00e1ra si nepam\u00e4t\u00e1m. Ani olt\u00e1r. Boli ve\u013emi \u010faleko. Potom si u\u017e oh\u013eadom kostola z\u00a0detstva nepam\u00e4t\u00e1m ni\u010d. Kostol sa stal tabu. Nikdy som nerozm\u00fd\u0161\u013eal, \u017ee kostol s\u00favis\u00ed s Bohom. Vedel som, \u017ee s\u00favis\u00ed s veriacimi. Spom\u00ednam si e\u0161te na jednu detsk\u00fa sk\u00fasenos\u0165: raz som sa r\u00e1no zobudil a povedal som si, \u017ee ak existuje Boh, tak nech z tepl\u00e9ho vovovodn\u00e9ho koh\u00fatika v kuchyni te\u010die med. Utekal som to vysk\u00fa\u0161a\u0165. Netiekol&#8230;.<\/p>\n<p>Mysl\u00edm, \u017ee m\u00f4j pr\u00edpad je \u00faplne \u0161tandardn\u00fd. Mnoho \u013eud\u00ed je tak\u00fdch, ako som bol ja. Ateisti. Kostol nejako v\u00a0na\u0161om poh\u013eade nes\u00favis\u00ed s\u00a0Bohom. Boh je predsa tajomn\u00fd. Ak existuje. A\u00a0kostol a\u00a0veriaci, to je \u00fapln\u00e1 samozrejmos\u0165 \u2013 \u013eudia ako my, len trocha pom\u00fdlen\u00ed. Asi maj\u00fa nejak\u00e9 probl\u00e9my alebo strach zo \u017eivota, \u010di ne\u00faspech (Ke\u010f som sa nesk\u00f4r po svojom obr\u00e1ten\u00ed prihl\u00e1sil na teol\u00f3giu, jeden zn\u00e1my sa ma op\u00fdtal: \u201e\u010co si sa sklamal v\u00a0l\u00e1ske, ke\u010f ide\u0161 za far\u00e1ra?\u201c).\u00a0 Ke\u010f som e\u0161te ako neveriaci \u0161tudoval v\u00a0Bratislave, v r\u00e1mci cvi\u010den\u00ed z\u00a0dej\u00edn umenia sme \u010dasto nav\u0161tevovali miestne kostoly. Ke\u010f sme vst\u00fapili do kostola, niektor\u00ed spolu\u017eiaci pok\u013eakli a\u00a0pre\u017eehnali sa. Bol som pob\u00faren\u00fd. Ani vtedy mi kostol nepripom\u00ednal Boha. Bola to zauj\u00edmav\u00e1 architekt\u00fara a\u00a0\u0161lo z\u00a0toho tak\u00e9 tajomno \u2013 \u010dosi ako z\u00e1van minulosti&#8230;<\/p>\n<p>Tam na vysokej bol spolu\u017eiak, ktor\u00fd mi otvorene a\u00a0bez hanby polo\u017eil ot\u00e1zku, \u010di ver\u00edm v\u00a0Boha. Udivilo ma to (rozumej, bol hlbok\u00fd socializmus a\u00a0my sme boli na filozofickej fakulte, kde v\u0161etko bolo opret\u00e9 o\u00a0marxizmus \u2013 leninizmus, vedeck\u00fd ateizmus a\u00a0vedeck\u00fd komunizmus). Vtedy za\u010dalo moje \u0165a\u017ek\u00e9 vyrovn\u00e1vanie sa s\u00a0ot\u00e1zkami, ktor\u00e9 som si nikdy predt\u00fdm nekl\u00e1dol, lebo som si myslel, \u017ee odpovede pozn\u00e1m. Nepoznal som&#8230; \u010casto sa st\u00e1va, \u017ee \u010dlovek je ateista jednoducho preto, lebo predpoklad\u00e1, \u017ee jeho poh\u013ead na svet je univerz\u00e1lny a spr\u00e1vny. Ke\u010f\u017ee kostol a\u00a0veriaci s\u00fa \u010dasto pre mlad\u00e9ho \u010dloveka nezauj\u00edmav\u00ed a\u00a0ke\u010f\u017ee si nikdy neza\u010dne kl\u00e1s\u0165 ot\u00e1zky o\u00a0existencii sveta, zmysle \u017eivota a\u00a0automaticky pou\u017e\u00edva slovn\u00e9 spojenia: \u201eveda dok\u00e1zala\u201c, \u201evedci tvrdia\u201c a\u00a0podobne, nikdy s\u00e1m od seba ned\u00f4jde k\u00a0posunu v\u00fdchod\u00edsk poh\u013eadu na svet okolo seba a\u00a0na vlastn\u00fd \u017eivot. A mo\u017eno \u013eudia, ktor\u00ed s\u00fa v\u00a0cirkvi, v\u00a0kostole a v n\u00e1bo\u017eenskej terminol\u00f3gii ako ryba vo vode, si nikdy neuvedomuj\u00fa, ak\u00e1 bari\u00e9ra ich del\u00ed od okolit\u00e9ho sveta, ktor\u00ed \u010dasto v\u00a0skrytu obvi\u0148uj\u00fa z\u00a0nez\u00e1ujmu o\u00a0kostol.\u00a0 Neby\u0165 m\u00f4jho spolu\u017eiaka, ktor\u00fd bol tak\u00fd oby\u010dajn\u00fd \u0161tudent s\u00a0hromadou nedostatkov tak ako ja, ale s\u00a0ve\u013ek\u00fdm z\u00e1palom hovori\u0165 o\u00a0svojom Bohu a\u00a0o\u00a0Je\u017ei\u0161ovi, \u017eil by som pravdepodobne dodnes v\u00a0il\u00fazii o\u00a0viere, cirkvi, Bohu&#8230; Jeho svedectvo ma priviedlo k\u00a0\u010d\u00edtaniu Biblie. To som nikdy netu\u0161il, \u017ee je tam to\u013eko vec\u00ed, ktor\u00e9 k\u00a0\u010dloveku doslova prehov\u00e1raj\u00fa. A\u00a0netu\u0161il som (mo\u017eno mnoho veriacich to dodnes netu\u0161\u00ed), \u017ee je tam ukryt\u00e9 zjavenie Boha v\u00a0takej podobe, ktor\u00e1 je schopn\u00e1 oslovi\u0165 \u010dloveka napriek tomu, \u017ee nem\u00e1 \u017eiadne n\u00e1bo\u017eensk\u00e9 pozadie. \u00c1no. \u00a0Asi po pol roku \u010d\u00edtania Nov\u00e9ho Z\u00e1kona moje filozofick\u00e9 odpovede poch\u00e1dzaj\u00face z\u00a0mojej hlavy prekvapivo nahradila odpove\u010f odinakia\u013e: uveril som v\u00a0Je\u017ei\u0161a. Nikdy predt\u00fdm som si nedok\u00e1zal predstavi\u0165, \u017ee Boh sa \u010dloveku d\u00e1va pozna\u0165 cez tak zrozumite\u013en\u00fa osobu akou je Syn Bo\u017e\u00ed \u2013 Je\u017ei\u0161. Nejako sa stal s\u00fa\u010das\u0165ou m\u00f4jho \u017eivota. Za\u010dal som sa modli\u0165. Za\u010dal som t\u00fa\u017ei\u0165 prij\u00edma\u0165 ho pri olt\u00e1ri v\u00a0chlebe po\u010das om\u0161e. No neboli to spomienky z\u00a0detstva na kostol a\u00a0prv\u00e9 sv\u00e4t\u00e9 prij\u00edmanie. Bol to Je\u017ei\u0161, ktor\u00fd prehov\u00e1ral z\u00a0P\u00edsma, ktor\u00e9ho som si za\u010dal uvedomova\u0165, ke\u010f som sa modlil, alebo ke\u010f som st\u00e1l vzadu v\u00a0kostole po\u010das om\u0161e. No vtedy som e\u0161te netu\u0161il, \u017ee to najpodivnej\u0161ie e\u0161te len pr\u00edde&#8230;<\/p>\n<p>Bol hor\u00faci augustov\u00fd podve\u010der. Po \u00fanavnej dvojt\u00fd\u017ed\u0148ovej ceste s\u00a0priate\u013emi autostopom po\u00a0zahrani\u010d\u00ed sa predstava u\u010denia sa na \u0161t\u00e1tnice v \u013eudopr\u00e1zdnom intern\u00e1te zdala neznesite\u013en\u00e1. A tak som \u0161iel za on\u00fdm priate\u013eom, Bratislav\u010danom, ktor\u00fd ma priviedol k\u00a0Je\u017ei\u0161ovi. Nebol doma. Bol na nejakom stretnut\u00ed vo franti\u0161k\u00e1nskom kostole. Nabral som odvahu a\u00a0\u0161iel som tam. Niekde vzadu v\u00a0kaplnke bolo asi \u0161tyridsa\u0165 \u013eud\u00ed (nepam\u00e4t\u00e1m sa presne). Rozpr\u00e1val nejak\u00fd franc\u00fazsky reho\u013en\u00edk, ktor\u00fd pri\u0161iel z\u00a0misie z Gabunu. Hovoril o\u00a0z\u00e1zrakoch, ktor\u00e9 sa u\u00a0nich udiali, ke\u010f sa modlili v\u00a0Je\u017ei\u0161ovom mene za chor\u00fdch. Bol som udiven\u00fd. Rozpr\u00e1val prirodzene, bez afektu, ale so z\u00e1palom a\u00a0\u00factou. Uvo\u013enil som sa. Potom sme pre\u0161li do lode kostola. Bola ohl\u00e1sen\u00e1 spolo\u010dn\u00e1 modlitba. Tak som si pohodlne \u010dupol v strednej uli\u010dke bl\u00edzko olt\u00e1ra. Franc\u00faz sa oto\u010dil k\u00a0olt\u00e1ru, mierne pozdvihol ruky a\u00a0za\u010dal hovori\u0165 po franc\u00fazsky. Prekladali ho. Modlil sa k\u00a0Je\u017ei\u0161ovi, \u010fakoval mu. Pomyslel som si: \u201e\u010co ho vid\u00ed?\u201c Potom za\u010dal po tichu spieva\u0165 akousi mne nezn\u00e1mou re\u010dou a\u00a0postupne sa pridali viacer\u00ed a\u00a0kostolom zrazu znel spev v\u00a0jazykoch (vtedy som netu\u0161il, \u017ee tak\u00e9 \u010dosi existuje a\u00a0nev\u0161imol som si to ani v\u00a0P\u00edsme, hoci som tie state z\u00a0Prv\u00e9ho listu Korin\u0165anom \u010d\u00edtal). Zrazu som si uvedomil, \u017ee m\u00e1m tv\u00e1r na podlahe, bol som mokr\u00fd od s\u013az. Vedel som, \u017ee je tam Je\u017ei\u0161. Vedel som, \u017ee je tam. Uvedomoval som si, ako ma prenik\u00e1 vedomie jeho poh\u013eadu, pre\u017e\u00edval som hlbok\u00fa \u013e\u00fatos\u0165, \u017ee som cel\u00fd \u017eivot v\u00a0neho neveril a\u00a0on pritom v\u017edy existoval. Pam\u00e4t\u00e1m si, \u017ee mi nevy\u010d\u00edtal \u017eiaden hriech konkr\u00e9tne, hoci ich bolo ve\u013ea. Len som vedel, \u017ee som sa m\u00fdlil, ke\u010f som \u017eil vo vedom\u00ed, \u017ee neexistuje. Zvieralo ma z\u00a0toho v\u00a0srdci. Potom som pre\u017eil ve\u013ek\u00fa \u00fa\u013eavu. Akoby som bol nov\u00fd \u010dlovek. Viem, \u017ee ma vtedy napadla ot\u00e1zka: \u201ePre\u010do mi to niekto nepovedal sk\u00f4r, \u017ee Je\u017ei\u0161 naozaj existuje?!\u201c<\/p>\n<p>(pokra\u010dovanie&#8230;)<\/p>\n<p>&nbsp;<\/p>\n<p>&nbsp;<\/p>\n<p>&nbsp;<\/p>\n<p>&nbsp;<\/p>\n","protected":false},"excerpt":{"rendered":"<p>Ka\u017ed\u00fd \u010dlovek v da\u010do alebo v niekoho ver\u00ed. Alebo nie\u010domu. Niekto ver\u00ed v pr\u00edrodu, jej lie\u010div\u00fa a upokojuj\u00facu moc (raz&#8230; <a href=\"https:\/\/farnostgelnica.sk\/?page_id=169\">\u010c\u00edta\u0165 cel\u00fd \u010dl\u00e1nok &raquo;<\/a><\/p>\n","protected":false},"author":1,"featured_media":0,"parent":0,"menu_order":0,"comment_status":"closed","ping_status":"closed","template":"","meta":{"ngg_post_thumbnail":0,"footnotes":""},"class_list":["post-169","page","type-page","status-publish","hentry"],"_links":{"self":[{"href":"https:\/\/farnostgelnica.sk\/index.php?rest_route=\/wp\/v2\/pages\/169"}],"collection":[{"href":"https:\/\/farnostgelnica.sk\/index.php?rest_route=\/wp\/v2\/pages"}],"about":[{"href":"https:\/\/farnostgelnica.sk\/index.php?rest_route=\/wp\/v2\/types\/page"}],"author":[{"embeddable":true,"href":"https:\/\/farnostgelnica.sk\/index.php?rest_route=\/wp\/v2\/users\/1"}],"replies":[{"embeddable":true,"href":"https:\/\/farnostgelnica.sk\/index.php?rest_route=%2Fwp%2Fv2%2Fcomments&post=169"}],"version-history":[{"count":23,"href":"https:\/\/farnostgelnica.sk\/index.php?rest_route=\/wp\/v2\/pages\/169\/revisions"}],"predecessor-version":[{"id":632,"href":"https:\/\/farnostgelnica.sk\/index.php?rest_route=\/wp\/v2\/pages\/169\/revisions\/632"}],"wp:attachment":[{"href":"https:\/\/farnostgelnica.sk\/index.php?rest_route=%2Fwp%2Fv2%2Fmedia&parent=169"}],"curies":[{"name":"wp","href":"https:\/\/api.w.org\/{rel}","templated":true}]}}